highest common divisor of 1444 and 684.
76
Calculate the highest common divisor of 5 and 58910.
5
What is the greatest common factor of 26 and 97721?
13
What is the highest common divisor of 153 and 2043?
9
Calculate the greatest common divisor of 2414 and 153.
17
Calculate the highest common divisor of 287 and 78064.
287
What is the greatest common factor of 1084832 and 126?
14
What is the greatest common divisor of 113785 and 7?
7
Calculate the highest common divisor of 451036 and 16.
4
What is the highest common factor of 23712 and 225948?
228
What is the highest common divisor of 192 and 45861?
3
Calculate the greatest common divisor of 101598 and 1312.
82
Calculate the highest common divisor of 48861 and 4819.
61
What is the greatest common divisor of 32856 and 12?
12
What is the highest common factor of 492814 and 84?
14
Calculate the greatest common factor of 345544 and 752.
376
What is the greatest common factor of 12733 and 476?
119
Calculate the highest common factor of 2036593 and 533.
533
What is the greatest common factor of 62 and 4501386?
62
What is the highest common factor of 855 and 21565?
95
What is the highest common factor of 60 and 2533620?
60
What is the greatest common factor of 602 and 12212?
86
Calculate the greatest common divisor of 16601 and 5707.
13
Calculate the highest common divisor of 1499352 and 48.
24
Calculate the greatest common factor of 224 and 104804.
28
Calculate the highest common factor of 543785 and 55.
55
What is the highest common factor of 218106 and 3591?
189
What is the greatest common divisor of 94 and 3384?
94
What is the highest common factor of 976128 and 72?
24
Calculate the highest common factor of 41980 and 80.
20
Calculate the highest common divisor of 2725208 and 57.
19
Calculate the greatest common divisor of 6 and 20858.
2
Calculate the highest common divisor of 276860 and 3815.
545
Calculate the highest common divisor of 597860 and 20.
20
What is the highest common factor of 1940 and 7275?
485
Calculate the highest common divisor of 76 and 976.
4
What is the greatest common factor of 11403 and 1197?
63
What is the greatest common factor of 7237 and 8?
1
Calculate the greatest common divisor of 2100 and 10150.
350
Calculate the highest common divisor of 101374 and 3640.
182
Calculate the greatest common factor of 8190 and 18000.
90
Calculate the greatest common divisor of 205 and 118285.
205
Calculate the greatest common divisor of 97092 and 4495.
899
Calculate the highest common factor of 444 and 642098.
74
What is the greatest common divisor of 500 and 220?
20
Calculate the highest common factor of 780 and 51428.
52
Calculate the greatest common factor of 1267 and 21.
7
Calculate the greatest common divisor of 536767 and 98.
7
Calculate the greatest common divisor of 585 and 31530.
15
What is the greatest common divisor of 4295 and 385?
5
Calculate the highest common divisor of 56498 and 338.
26
Calculate the highest common divisor of 180 and 103905.
45
Calculate the greatest common divisor of 48 and 745896.
24
Calculate the highest common factor of 612168 and 460.
92
What is the highest common factor of 138 and 4158262?
46
Calculate the greatest common factor of 15 and 13798335.
15
What is the highest common divisor of 598 and 24886?
46
Calculate the greatest common divisor of 492756 and 6.
6
What is the highest common factor of 113231 and 569?
569
Calculate the highest common factor of 62662 and 608.
38
What is the greatest common divisor of 208 and 1024?
16
What is the greatest common factor of 12392584 and 23?
23
What is the greatest common factor of 42 and 7022?
2
What is the greatest common divisor of 733 and 37?
1
Calculate the greatest common divisor of 158122 and 14167.
457
What is the highest common factor of 2623 and 50569?
61
What is the highest common factor of 39108 and 24?
12
Calculate the highest common factor of 94953 and 32672.
1021
What is the greatest common factor of 243 and 258309?
243
Calculate the highest common factor of 362 and 258649.
181
What is the greatest common divisor of 35088 and 29971?
731
Calculate the highest common factor of 84 and 232336.
4
Calculate the greatest common factor of 14360 and 39800.
40
What is the highest common factor of 3120 and 8814?
78
What is the greatest common factor of 826 and 166439?
413
Calculate the greatest common divisor of 53754 and 9114.
186
Calculate the highest common divisor of 2280 and 110960.
760
What is the greatest common divisor of 4104 and 26600?
152
Calculate the highest common factor of 47048 and 16.
8
What is the greatest common factor of 714 and 15554?
14
What is the highest common divisor of 117752 and 359?
359
Calculate the highest common factor of 457 and 377939.
457
Calculate the greatest common divisor of 308656 and 16.
16
What is the highest common divisor of 229439 and 21103?
449
What is the highest common factor of 5516 and 3172?
4
What is the greatest common factor of 2924875 and 50?
25
Calculate the highest common divisor of 51039 and 107.
107
Calculate the highest common factor of 588896 and 294.
14
Calculate the greatest common divisor of 352 and 526112.
32
What is the highest common factor of 45 and 1635?
15
What is the highest common divisor of 48 and 433464?
24
Calculate the highest common factor of 7464230 and 710.
710
What is the greatest common divisor of 2256 and 97431?
141
Calculate the highest common factor of 231 and 5221139.
77
What is the highest common factor of 5190 and 390?
30
Calculate the highest common factor of 204 and 2060.
4
What is the highest common divisor of 4938 and 6?
6
What is the highest common factor of 644 and 86135?
161
Calculate the highest common divisor of 2140 and 88210.
10
Calculate the greatest common divisor of 7904 and 313196.
988
What is the greatest common divisor of 372250 and 400?
50
What is the greatest common divisor of 13 and 100087?
13
What is the greatest common divisor of 3140 and 523124?
628
Calculate the greatest common divisor of 1 and 499330.
1
Calculate the highest common factor of 29916 and 1026.
54
Calculate the highest common divisor of 212 and 19451.
53
What is the highest common factor of 3125 and 15?
5
Calculate the highest common factor of 217 and 217.
217
Calculate the highest common divisor of 94120 and 640.
40
What is the greatest common divisor of 1932 and 12811?
23
What is the greatest common divisor of 43 and 1716001?
43
What is the greatest common factor of 158 and 273103?
79
Calculate the greatest common divisor of 168 and 31290.
42
Calculate the greatest common divisor of 115 and 87653.
23
Calculate the highest common divisor of 47490 and 150.
30
Calculate the highest common factor of 60 and 129396.
12
What is the highest common factor of 135 and 1513755?
135
Calculate the highest common factor of 720 and 10392.
24
What is the highest common divisor of 28 and 114618?
14
What is the greatest common divisor of 1641 and 741?
3
What is the highest common factor of 1925 and 1096480?
385
What is the highest common factor of 932 and 89006?
466
Calculate the highest common divisor of 27 and 11691.
27
What is the highest common divisor of 56320 and 1568?
32
What is the highest common divisor of 392 and 24794?
98
What is the greatest common factor of 14 and 114576?
14
What is the highest common factor of 369203 and 382?
191
What is the greatest common factor of 102327 and 1173?
69
What is the greatest common factor of 2948 and 2167?
11
Calculate the greatest common factor of 77646 and 6.
6
What is the highest common factor of 13659 and 21?
3
What is the greatest common factor of 52872 and 24?
24
What is the highest common divisor of 21 and 3835846?
7
Calculate the greatest common divisor of 76 and 4024.
4
What is the greatest common divisor of 136639 and 10486?
107
What is the greatest common factor of 37 and 1387870?
37
What is the highest common factor of 682 and 4048?
22
What is the greatest common factor of 65 and 7815?
5
Calculate the greatest common factor of 10585 and 5840.
365
What is the highest common factor of 3 and 591189?
3
Calculate the highest common factor of 30 and 6132.
6
What is the greatest common factor of 1636259 and 503?
503
Calculate the greatest common factor of 33810 and 8395.
115
Calculate the great